{"id":455,"date":"2015-06-30T17:48:31","date_gmt":"2015-06-30T17:48:31","guid":{"rendered":"http:\/\/lephenixrouge.fr\/?page_id=455"},"modified":"2024-08-22T16:45:32","modified_gmt":"2024-08-22T16:45:32","slug":"visuels","status":"publish","type":"page","link":"https:\/\/lephenixrouge.fr\/?page_id=455","title":{"rendered":"Pratiques en images"},"content":{"rendered":"\n<p><\/p>\n\n\n\n<figure class=\"wp-block-image size-large is-resized is-style-rounded\"><a href=\"https:\/\/lephenixrouge.fr\/wp-content\/uploads\/2024\/08\/1720717697881-scaled.jpg\"><img loading=\"lazy\" src=\"https:\/\/lephenixrouge.fr\/wp-content\/uploads\/2024\/08\/1720717697881-1024x768.jpg\" alt=\"\" class=\"wp-image-2754\" width=\"512\" height=\"384\" srcset=\"https:\/\/lephenixrouge.fr\/wp-content\/uploads\/2024\/08\/1720717697881-1024x768.jpg 1024w, https:\/\/lephenixrouge.fr\/wp-content\/uploads\/2024\/08\/1720717697881-300x225.jpg 300w, https:\/\/lephenixrouge.fr\/wp-content\/uploads\/2024\/08\/1720717697881-768x576.jpg 768w, https:\/\/lephenixrouge.fr\/wp-content\/uploads\/2024\/08\/1720717697881-1536x1152.jpg 1536w, https:\/\/lephenixrouge.fr\/wp-content\/uploads\/2024\/08\/1720717697881-2048x1536.jpg 2048w\" sizes=\"(max-width: 512px) 100vw, 512px\" \/><\/a><figcaption>J<strong>uillet 2024 Vallon d&rsquo;A\u00efga-Ari\u00e8ge<\/strong><\/figcaption><\/figure>\n\n\n\n<figure class=\"wp-block-image size-large is-resized\"><a href=\"https:\/\/lephenixrouge.fr\/wp-content\/uploads\/2024\/08\/grottedeLombrives-scaled.jpg\"><img loading=\"lazy\" src=\"https:\/\/lephenixrouge.fr\/wp-content\/uploads\/2024\/08\/grottedeLombrives-1024x768.jpg\" alt=\"Visite de la grotte de Lombrives\" class=\"wp-image-2755\" width=\"512\" height=\"384\" srcset=\"https:\/\/lephenixrouge.fr\/wp-content\/uploads\/2024\/08\/grottedeLombrives-1024x768.jpg 1024w, https:\/\/lephenixrouge.fr\/wp-content\/uploads\/2024\/08\/grottedeLombrives-300x225.jpg 300w, https:\/\/lephenixrouge.fr\/wp-content\/uploads\/2024\/08\/grottedeLombrives-768x576.jpg 768w, https:\/\/lephenixrouge.fr\/wp-content\/uploads\/2024\/08\/grottedeLombrives-1536x1152.jpg 1536w, https:\/\/lephenixrouge.fr\/wp-content\/uploads\/2024\/08\/grottedeLombrives-2048x1536.jpg 2048w\" sizes=\"(max-width: 512px) 100vw, 512px\" \/><\/a><figcaption>Juillet 2024 &#8211; visite et pratique dans la Grotte de Lombrives<\/figcaption><\/figure>\n\n\n\n<figure class=\"wp-block-gallery has-nested-images columns-default is-cropped\">\n<figure class=\"wp-block-image size-large\"><a href=\"https:\/\/lephenixrouge.fr\/wp-content\/uploads\/2022\/08\/8C8666C0-13A2-432A-BCF5-1D34F2E11014-scaled.jpeg\"><img loading=\"lazy\" width=\"2560\" height=\"1704\" data-id=\"2401\"  src=\"https:\/\/lephenixrouge.fr\/wp-content\/uploads\/2022\/08\/8C8666C0-13A2-432A-BCF5-1D34F2E11014-scaled.jpeg\" alt=\"\" class=\"wp-image-2401\" srcset=\"https:\/\/lephenixrouge.fr\/wp-content\/uploads\/2022\/08\/8C8666C0-13A2-432A-BCF5-1D34F2E11014-scaled.jpeg 2560w, https:\/\/lephenixrouge.fr\/wp-content\/uploads\/2022\/08\/8C8666C0-13A2-432A-BCF5-1D34F2E11014-300x200.jpeg 300w, https:\/\/lephenixrouge.fr\/wp-content\/uploads\/2022\/08\/8C8666C0-13A2-432A-BCF5-1D34F2E11014-1024x682.jpeg 1024w, https:\/\/lephenixrouge.fr\/wp-content\/uploads\/2022\/08\/8C8666C0-13A2-432A-BCF5-1D34F2E11014-768x511.jpeg 768w, https:\/\/lephenixrouge.fr\/wp-content\/uploads\/2022\/08\/8C8666C0-13A2-432A-BCF5-1D34F2E11014-1536x1023.jpeg 1536w, https:\/\/lephenixrouge.fr\/wp-content\/uploads\/2022\/08\/8C8666C0-13A2-432A-BCF5-1D34F2E11014-2048x1364.jpeg 2048w\" sizes=\"(max-width: 2560px) 100vw, 2560px\" \/><\/a><figcaption>Prieur\u00e9 de Marcevol &#8211; Pyr\u00e9n\u00e9es Orientales 2022 et 2023<\/figcaption><\/figure>\n<\/figure>\n\n\n<p><figure id=\"attachment_2404\" aria-describedby=\"caption-attachment-2404\" style=\"width: 300px\" class=\"wp-caption alignnone\"><a href=\"https:\/\/lephenixrouge.fr\/wp-content\/uploads\/2022\/08\/20210625_182335-scaled.jpg\"><img loading=\"lazy\" class=\"wp-image-2404 size-medium\" src=\"https:\/\/lephenixrouge.fr\/wp-content\/uploads\/2022\/08\/20210625_182335-300x225.jpg\" alt=\"\" width=\"300\" height=\"225\" srcset=\"https:\/\/lephenixrouge.fr\/wp-content\/uploads\/2022\/08\/20210625_182335-300x225.jpg 300w, https:\/\/lephenixrouge.fr\/wp-content\/uploads\/2022\/08\/20210625_182335-1024x768.jpg 1024w, https:\/\/lephenixrouge.fr\/wp-content\/uploads\/2022\/08\/20210625_182335-768x576.jpg 768w, https:\/\/lephenixrouge.fr\/wp-content\/uploads\/2022\/08\/20210625_182335-1536x1152.jpg 1536w, https:\/\/lephenixrouge.fr\/wp-content\/uploads\/2022\/08\/20210625_182335-2048x1536.jpg 2048w\" sizes=\"(max-width: 300px) 100vw, 300px\" \/><\/a><figcaption id=\"caption-attachment-2404\" class=\"wp-caption-text\">L\u00e9on 2021<\/figcaption><\/figure><br>\n<figure id=\"attachment_2104\" aria-describedby=\"caption-attachment-2104\" style=\"width: 300px\" class=\"wp-caption alignnone\"><a href=\"https:\/\/lephenixrouge.fr\/wp-content\/uploads\/2020\/08\/coq3.jpg\"><img loading=\"lazy\" class=\"size-medium wp-image-2104\" src=\"https:\/\/lephenixrouge.fr\/wp-content\/uploads\/2020\/08\/coq3-300x169.jpg\" alt=\"\" width=\"300\" height=\"169\" srcset=\"https:\/\/lephenixrouge.fr\/wp-content\/uploads\/2020\/08\/coq3-300x169.jpg 300w, https:\/\/lephenixrouge.fr\/wp-content\/uploads\/2020\/08\/coq3-1024x576.jpg 1024w, https:\/\/lephenixrouge.fr\/wp-content\/uploads\/2020\/08\/coq3-768x432.jpg 768w, https:\/\/lephenixrouge.fr\/wp-content\/uploads\/2020\/08\/coq3-1536x864.jpg 1536w, https:\/\/lephenixrouge.fr\/wp-content\/uploads\/2020\/08\/coq3-2048x1152.jpg 2048w\" sizes=\"(max-width: 300px) 100vw, 300px\" \/><\/a><figcaption id=\"caption-attachment-2104\" class=\"wp-caption-text\"><span style=\"color: #ff6600;\"><strong>L\u00e9on-Landes 2020<\/strong><\/span><\/figcaption><\/figure><\/p>\n<figure id=\"attachment_2106\" aria-describedby=\"caption-attachment-2106\" style=\"width: 300px\" class=\"wp-caption alignnone\"><a href=\"https:\/\/lephenixrouge.fr\/wp-content\/uploads\/2020\/08\/16-scaled.jpg\"><img loading=\"lazy\" class=\"size-medium wp-image-2106\" src=\"https:\/\/lephenixrouge.fr\/wp-content\/uploads\/2020\/08\/16-300x200.jpg\" alt=\"\" width=\"300\" height=\"200\" srcset=\"https:\/\/lephenixrouge.fr\/wp-content\/uploads\/2020\/08\/16-300x200.jpg 300w, https:\/\/lephenixrouge.fr\/wp-content\/uploads\/2020\/08\/16-1024x683.jpg 1024w, https:\/\/lephenixrouge.fr\/wp-content\/uploads\/2020\/08\/16-768x512.jpg 768w, https:\/\/lephenixrouge.fr\/wp-content\/uploads\/2020\/08\/16-1536x1024.jpg 1536w, https:\/\/lephenixrouge.fr\/wp-content\/uploads\/2020\/08\/16-2048x1365.jpg 2048w\" sizes=\"(max-width: 300px) 100vw, 300px\" \/><\/a><figcaption id=\"caption-attachment-2106\" class=\"wp-caption-text\"><span style=\"color: #ff6600;\"><strong>L\u00e9on-Landes 2020<\/strong><\/span><\/figcaption><\/figure>\n<p><figure id=\"attachment_1765\" aria-describedby=\"caption-attachment-1765\" style=\"width: 300px\" class=\"wp-caption alignnone\"><a href=\"https:\/\/lephenixrouge.fr\/wp-content\/uploads\/2019\/07\/DSCN3596.jpg\"><img loading=\"lazy\" class=\"size-medium wp-image-1765\" src=\"https:\/\/lephenixrouge.fr\/wp-content\/uploads\/2019\/07\/DSCN3596-300x225.jpg\" alt=\"\" width=\"300\" height=\"225\" srcset=\"https:\/\/lephenixrouge.fr\/wp-content\/uploads\/2019\/07\/DSCN3596-300x225.jpg 300w, https:\/\/lephenixrouge.fr\/wp-content\/uploads\/2019\/07\/DSCN3596-768x576.jpg 768w, https:\/\/lephenixrouge.fr\/wp-content\/uploads\/2019\/07\/DSCN3596-1024x768.jpg 1024w\" sizes=\"(max-width: 300px) 100vw, 300px\" \/><\/a><figcaption id=\"caption-attachment-1765\" class=\"wp-caption-text\"><strong><span style=\"color: #ff6600;\">Hautes Corbi\u00e8res &#8211; Camps sur&nbsp;<span style=\"caret-color: #ff6600;\">l&rsquo;Agly<\/span>&nbsp;2019<\/span><\/strong><\/figcaption><\/figure><br>\n<figure id=\"attachment_1771\" aria-describedby=\"caption-attachment-1771\" style=\"width: 300px\" class=\"wp-caption alignnone\"><a href=\"https:\/\/lephenixrouge.fr\/wp-content\/uploads\/2019\/07\/DSCN3592.jpg\"><img loading=\"lazy\" class=\"size-medium wp-image-1771\" src=\"https:\/\/lephenixrouge.fr\/wp-content\/uploads\/2019\/07\/DSCN3592-300x225.jpg\" alt=\"\" width=\"300\" height=\"225\" srcset=\"https:\/\/lephenixrouge.fr\/wp-content\/uploads\/2019\/07\/DSCN3592-300x225.jpg 300w, https:\/\/lephenixrouge.fr\/wp-content\/uploads\/2019\/07\/DSCN3592-768x576.jpg 768w, https:\/\/lephenixrouge.fr\/wp-content\/uploads\/2019\/07\/DSCN3592-1024x768.jpg 1024w\" sizes=\"(max-width: 300px) 100vw, 300px\" \/><\/a><figcaption id=\"caption-attachment-1771\" class=\"wp-caption-text\"><span style=\"color: #ff6600;\"><strong>Hautes Corbi\u00e8res &#8211; 2019<\/strong><\/span><\/figcaption><\/figure><br>\n<figure id=\"attachment_1764\" aria-describedby=\"caption-attachment-1764\" style=\"width: 300px\" class=\"wp-caption alignnone\"><a href=\"https:\/\/lephenixrouge.fr\/wp-content\/uploads\/2019\/07\/DSCN3581.jpg\"><img loading=\"lazy\" class=\"size-medium wp-image-1764\" src=\"https:\/\/lephenixrouge.fr\/wp-content\/uploads\/2019\/07\/DSCN3581-300x225.jpg\" alt=\"\" width=\"300\" height=\"225\" srcset=\"https:\/\/lephenixrouge.fr\/wp-content\/uploads\/2019\/07\/DSCN3581-300x225.jpg 300w, https:\/\/lephenixrouge.fr\/wp-content\/uploads\/2019\/07\/DSCN3581-768x576.jpg 768w, https:\/\/lephenixrouge.fr\/wp-content\/uploads\/2019\/07\/DSCN3581-1024x768.jpg 1024w\" sizes=\"(max-width: 300px) 100vw, 300px\" \/><\/a><figcaption id=\"caption-attachment-1764\" class=\"wp-caption-text\"><strong><span style=\"color: #ff6600;\">Hautes Corbi\u00e8res &#8211; 2019<\/span><\/strong><\/figcaption><\/figure><br>\n<figure id=\"attachment_1564\" aria-describedby=\"caption-attachment-1564\" style=\"width: 300px\" class=\"wp-caption alignnone\"><a href=\"https:\/\/lephenixrouge.fr\/wp-content\/uploads\/2018\/07\/lepervier.jpg\"><img loading=\"lazy\" class=\"size-medium wp-image-1564\" src=\"https:\/\/lephenixrouge.fr\/wp-content\/uploads\/2018\/07\/lepervier-300x200.jpg\" alt=\"\" width=\"300\" height=\"200\" srcset=\"https:\/\/lephenixrouge.fr\/wp-content\/uploads\/2018\/07\/lepervier-300x200.jpg 300w, https:\/\/lephenixrouge.fr\/wp-content\/uploads\/2018\/07\/lepervier-1024x683.jpg 1024w\" sizes=\"(max-width: 300px) 100vw, 300px\" \/><\/a><figcaption id=\"caption-attachment-1564\" class=\"wp-caption-text\"><strong><span style=\"color: #ff6600;\">Collioure 2018<\/span><\/strong><\/figcaption><\/figure><br>\n<figure id=\"attachment_1563\" aria-describedby=\"caption-attachment-1563\" style=\"width: 300px\" class=\"wp-caption alignnone\"><a href=\"https:\/\/lephenixrouge.fr\/wp-content\/uploads\/2018\/07\/eventail.jpg\"><img loading=\"lazy\" class=\"wp-image-1563 size-medium\" src=\"https:\/\/lephenixrouge.fr\/wp-content\/uploads\/2018\/07\/eventail-300x200.jpg\" alt=\"\" width=\"300\" height=\"200\" srcset=\"https:\/\/lephenixrouge.fr\/wp-content\/uploads\/2018\/07\/eventail-300x200.jpg 300w, https:\/\/lephenixrouge.fr\/wp-content\/uploads\/2018\/07\/eventail-1024x683.jpg 1024w\" sizes=\"(max-width: 300px) 100vw, 300px\" \/><\/a><figcaption id=\"caption-attachment-1563\" class=\"wp-caption-text\"><span style=\"color: #ff6600;\"><strong>Collioure 2018<\/strong><\/span><\/figcaption><\/figure><br>\n<figure id=\"attachment_1240\" aria-describedby=\"caption-attachment-1240\" style=\"width: 300px\" class=\"wp-caption alignnone\"><a href=\"https:\/\/lephenixrouge.fr\/wp-content\/uploads\/2017\/07\/plageflou.jpg\"><img loading=\"lazy\" class=\"size-medium wp-image-1240\" src=\"https:\/\/lephenixrouge.fr\/wp-content\/uploads\/2017\/07\/plageflou-300x184.jpg\" alt=\"\" width=\"300\" height=\"184\" srcset=\"https:\/\/lephenixrouge.fr\/wp-content\/uploads\/2017\/07\/plageflou-300x184.jpg 300w, https:\/\/lephenixrouge.fr\/wp-content\/uploads\/2017\/07\/plageflou-1024x629.jpg 1024w\" sizes=\"(max-width: 300px) 100vw, 300px\" \/><\/a><figcaption id=\"caption-attachment-1240\" class=\"wp-caption-text\"><span style=\"color: #ff6600;\"><strong>Biarritz 2017<\/strong><\/span><\/figcaption><\/figure><br>\n<figure id=\"attachment_866\" aria-describedby=\"caption-attachment-866\" style=\"width: 300px\" class=\"wp-caption alignnone\"><a href=\"https:\/\/lephenixrouge.fr\/wp-content\/uploads\/2016\/07\/repousselesinge1.jpg\"><img loading=\"lazy\" class=\"size-medium wp-image-866\" src=\"https:\/\/lephenixrouge.fr\/wp-content\/uploads\/2016\/07\/repousselesinge1-300x225.jpg\" alt=\"\" width=\"300\" height=\"225\" srcset=\"https:\/\/lephenixrouge.fr\/wp-content\/uploads\/2016\/07\/repousselesinge1-300x225.jpg 300w, https:\/\/lephenixrouge.fr\/wp-content\/uploads\/2016\/07\/repousselesinge1-1024x768.jpg 1024w\" sizes=\"(max-width: 300px) 100vw, 300px\" \/><\/a><figcaption id=\"caption-attachment-866\" class=\"wp-caption-text\"><strong><span style=\"color: #ff6600;\">Biscarrosse 2016<\/span><\/strong><\/figcaption><\/figure><br>\n<figure id=\"attachment_730\" aria-describedby=\"caption-attachment-730\" style=\"width: 300px\" class=\"wp-caption alignnone\"><a href=\"https:\/\/lephenixrouge.fr\/wp-content\/uploads\/2016\/02\/batond\u00e9mo.jpg\"><img loading=\"lazy\" class=\"size-medium wp-image-730\" src=\"https:\/\/lephenixrouge.fr\/wp-content\/uploads\/2016\/02\/batond\u00e9mo-300x225.jpg\" alt=\"\" width=\"300\" height=\"225\" srcset=\"https:\/\/lephenixrouge.fr\/wp-content\/uploads\/2016\/02\/batond\u00e9mo-300x225.jpg 300w, https:\/\/lephenixrouge.fr\/wp-content\/uploads\/2016\/02\/batond\u00e9mo-1024x768.jpg 1024w, https:\/\/lephenixrouge.fr\/wp-content\/uploads\/2016\/02\/batond\u00e9mo.jpg 2048w\" sizes=\"(max-width: 300px) 100vw, 300px\" \/><\/a><figcaption id=\"caption-attachment-730\" class=\"wp-caption-text\"><span style=\"color: #ff6600;\"><strong>Hautes Corbi\u00e8res 2015<\/strong><\/span><\/figcaption><\/figure><br>\n<figure id=\"attachment_201\" aria-describedby=\"caption-attachment-201\" style=\"width: 300px\" class=\"wp-caption alignnone\"><a href=\"https:\/\/lephenixrouge.fr\/wp-content\/uploads\/2014\/12\/cdepied.jpg\"><img loading=\"lazy\" class=\"size-medium wp-image-201\" src=\"https:\/\/lephenixrouge.fr\/wp-content\/uploads\/2014\/12\/cdepied-300x263.jpg\" alt=\"\" width=\"300\" height=\"263\" srcset=\"https:\/\/lephenixrouge.fr\/wp-content\/uploads\/2014\/12\/cdepied-300x263.jpg 300w, https:\/\/lephenixrouge.fr\/wp-content\/uploads\/2014\/12\/cdepied-1024x897.jpg 1024w, https:\/\/lephenixrouge.fr\/wp-content\/uploads\/2014\/12\/cdepied.jpg 1419w\" sizes=\"(max-width: 300px) 100vw, 300px\" \/><\/a><figcaption id=\"caption-attachment-201\" class=\"wp-caption-text\"><strong><span style=\"color: #ff6600;\">Collioure 2014<\/span><\/strong><\/figcaption><\/figure><br>\n<figure id=\"attachment_46\" aria-describedby=\"caption-attachment-46\" style=\"width: 233px\" class=\"wp-caption alignnone\"><a href=\"https:\/\/lephenixrouge.fr\/wp-content\/uploads\/2014\/11\/coeur.jpg\"><img loading=\"lazy\" class=\"size-medium wp-image-46\" src=\"https:\/\/lephenixrouge.fr\/wp-content\/uploads\/2014\/11\/coeur-233x300.jpg\" alt=\"\" width=\"233\" height=\"300\" srcset=\"https:\/\/lephenixrouge.fr\/wp-content\/uploads\/2014\/11\/coeur-233x300.jpg 233w, https:\/\/lephenixrouge.fr\/wp-content\/uploads\/2014\/11\/coeur-795x1024.jpg 795w, https:\/\/lephenixrouge.fr\/wp-content\/uploads\/2014\/11\/coeur.jpg 832w\" sizes=\"(max-width: 233px) 100vw, 233px\" \/><\/a><figcaption id=\"caption-attachment-46\" class=\"wp-caption-text\"><strong><span style=\"color: #ff6600;\">Biscarrosse 2013<\/span><\/strong><\/figcaption><\/figure><\/p>\n\n\n<p><\/p>\n","protected":false},"excerpt":{"rendered":"","protected":false},"author":2,"featured_media":0,"parent":0,"menu_order":0,"comment_status":"closed","ping_status":"open","template":"","meta":[],"_links":{"self":[{"href":"https:\/\/lephenixrouge.fr\/index.php?rest_route=\/wp\/v2\/pages\/455"}],"collection":[{"href":"https:\/\/lephenixrouge.fr\/index.php?rest_route=\/wp\/v2\/pages"}],"about":[{"href":"https:\/\/lephenixrouge.fr\/index.php?rest_route=\/wp\/v2\/types\/page"}],"author":[{"embeddable":true,"href":"https:\/\/lephenixrouge.fr\/index.php?rest_route=\/wp\/v2\/users\/2"}],"replies":[{"embeddable":true,"href":"https:\/\/lephenixrouge.fr\/index.php?rest_route=%2Fwp%2Fv2%2Fcomments&post=455"}],"version-history":[{"count":45,"href":"https:\/\/lephenixrouge.fr\/index.php?rest_route=\/wp\/v2\/pages\/455\/revisions"}],"predecessor-version":[{"id":2757,"href":"https:\/\/lephenixrouge.fr\/index.php?rest_route=\/wp\/v2\/pages\/455\/revisions\/2757"}],"wp:attachment":[{"href":"https:\/\/lephenixrouge.fr\/index.php?rest_route=%2Fwp%2Fv2%2Fmedia&parent=455"}],"curies":[{"name":"wp","href":"https:\/\/api.w.org\/{rel}","templated":true}]}}