{"id":184,"date":"2014-12-23T18:15:20","date_gmt":"2014-12-23T18:15:20","guid":{"rendered":"http:\/\/lephenixrouge.fr\/?page_id=184"},"modified":"2026-04-13T14:13:44","modified_gmt":"2026-04-13T14:13:44","slug":"stage-dete","status":"publish","type":"page","link":"https:\/\/lephenixrouge.fr\/?page_id=184","title":{"rendered":"stages d&rsquo;\u00e9t\u00e9"},"content":{"rendered":"<p>\u00a0<\/p>\n<p><strong><span style=\"color: #800080;\">La derni\u00e8re semaine de juin ou la 1\u00e8re de\u00a0<span style=\"caret-color: #800080;\">juillet<\/span>, l<\/span><\/strong><strong>&lsquo;<\/strong><span style=\"color: #800080;\"><strong>association organise un stage \u00a0\u00ab\u00a0hors les murs\u00a0\u00bb, de cinq jours, \u00e0 l&rsquo;oc\u00e9an, en montagne, ou \u00e0 la mer.<\/strong><\/span><\/p>\n<p>Au programme, m\u00e9ditation, Qi Gong, Tai Ji Quan \u00e0 mains nues et avec arme \u00a0( \u00e9ventail) . Ces stages permettent d&rsquo;approfondir tous les acquis de l&rsquo;ann\u00e9e.<\/p>\n<p><span style=\"color: #008000;\">Ces stages sont ouverts \u00e9galement \u00e0 ceux ou \u00e0 celles qui veulent d\u00e9couvrir nos pratiques. En immersion pendant 5 jours, il est plus facile d&rsquo;int\u00e9grer et de ressentir les bienfaits de ces arts \u00e9nerg\u00e9tiques, m\u00eame d\u00e9butants .<\/span><\/p>\n<p>Nous sommes log\u00e9s tous ensemble en appartement, mobil home ou chalets selon le lieu choisi . C&rsquo;est aussi l&rsquo;occasion de conna\u00eetre le bonheur de pratiquer dans la nature, d&rsquo;\u00eatre reli\u00e9 (e) \u00e0 l&rsquo;\u00e9nergie des \u00e9l\u00e9ments.<\/p>\n<h3><span style=\"color: #008000;\">Le Stage d&rsquo;\u00e9t\u00e9 2026 aura lieu \u00a0 \u00a0 \u00a0 \u00a0 \u00a0 \u00a0 \u00a0 \u00a0 \u00a0 \u00a0 \u00a0 \u00a0 \u00a0 \u00a0 \u00a0 \u00a0 \u00a0 \u00a0 \u00a0 \u00a0 <\/span><span style=\"color: #ff6600;\">du dimanche 21 au vendredi 26 juin \u00a0 \u00a0 \u00a0 \u00a0 \u00a0 \u00a0 \u00a0 \u00a0 \u00a0 \u00a0 \u00a0 \u00a0 \u00a0 \u00a0 \u00a0 \u00a0au Ch\u00e2teau de Ligoure <\/span><span style=\"color: #ff6600;\">\u00e0 Le Vigen \u00a0(87<\/span><span style=\"color: #ff6600;\">) <\/span><\/h3>\n<h6><span style=\"color: #ff6600;\">\u00a0 \u00a0 \u00a0 \u00a0 \u00a0 \u00a0 \u00a0 \u00a0 \u00a0 \u00a0<em> Covoiturage possible \u00e0 partir d&rsquo;Auch ou Condom \u00a0<\/em><\/span><\/h6>\n<h5><span style=\"color: #ff6600;\"><a href=\"https:\/\/lephenixrouge.fr\/wp-content\/uploads\/2026\/01\/fac387ade-sud01-e1567435916618.jpg\"><img loading=\"lazy\" class=\"alignnone size-medium wp-image-3124\" src=\"https:\/\/lephenixrouge.fr\/wp-content\/uploads\/2026\/01\/fac387ade-sud01-e1567435916618-300x169.jpg\" alt=\"\" width=\"300\" height=\"169\" srcset=\"https:\/\/lephenixrouge.fr\/wp-content\/uploads\/2026\/01\/fac387ade-sud01-e1567435916618-300x169.jpg 300w, https:\/\/lephenixrouge.fr\/wp-content\/uploads\/2026\/01\/fac387ade-sud01-e1567435916618-768x432.jpg 768w, https:\/\/lephenixrouge.fr\/wp-content\/uploads\/2026\/01\/fac387ade-sud01-e1567435916618.jpg 999w\" sizes=\"(max-width: 300px) 100vw, 300px\" \/><\/a><a href=\"https:\/\/lephenixrouge.fr\/wp-content\/uploads\/2026\/01\/verriere.jpg\"><img loading=\"lazy\" class=\"alignnone size-medium wp-image-3125\" src=\"https:\/\/lephenixrouge.fr\/wp-content\/uploads\/2026\/01\/verriere-300x225.jpg\" alt=\"\" width=\"300\" height=\"225\" srcset=\"https:\/\/lephenixrouge.fr\/wp-content\/uploads\/2026\/01\/verriere-300x225.jpg 300w, https:\/\/lephenixrouge.fr\/wp-content\/uploads\/2026\/01\/verriere-1024x768.jpg 1024w, https:\/\/lephenixrouge.fr\/wp-content\/uploads\/2026\/01\/verriere-768x576.jpg 768w, https:\/\/lephenixrouge.fr\/wp-content\/uploads\/2026\/01\/verriere-1536x1152.jpg 1536w, https:\/\/lephenixrouge.fr\/wp-content\/uploads\/2026\/01\/verriere.jpg 1600w\" sizes=\"(max-width: 300px) 100vw, 300px\" \/><\/a>\u00a0<\/span><\/h5>\n<p><a href=\"https:\/\/lephenixrouge.fr\/wp-content\/uploads\/2026\/01\/vue-sud-ouest-tirage.jpg.webp\"><img loading=\"lazy\" class=\"alignnone size-medium wp-image-3126\" src=\"https:\/\/lephenixrouge.fr\/wp-content\/uploads\/2026\/01\/vue-sud-ouest-tirage.jpg-300x206.webp\" alt=\"\" width=\"300\" height=\"206\" srcset=\"https:\/\/lephenixrouge.fr\/wp-content\/uploads\/2026\/01\/vue-sud-ouest-tirage.jpg-300x206.webp 300w, https:\/\/lephenixrouge.fr\/wp-content\/uploads\/2026\/01\/vue-sud-ouest-tirage.jpg-768x528.webp 768w, https:\/\/lephenixrouge.fr\/wp-content\/uploads\/2026\/01\/vue-sud-ouest-tirage.jpg.webp 1000w\" sizes=\"(max-width: 300px) 100vw, 300px\" \/><\/a><\/p>\n<h5>D\u00e9tails et inscription :\u00a0<a href=\"https:\/\/lephenixrouge.fr\/wp-content\/uploads\/2025\/12\/depliantstageete26-.pdf\" target=\"_blank\" rel=\"noopener\">cliquez ici<\/a><\/h5>\n<h5><span style=\"color: #008000;\"><em>Le stage est presque complet : il reste 2 places <\/em><\/span><\/h5>\n<h5><em>Toute participation est effective \u00e0 r\u00e9ception du bulletin d&rsquo;inscription et des arrhes. (couple : &#8211; 10% sur la totalit\u00e9 des frais p\u00e9dagogiques)\u00a0<\/em><\/h5>\n<h5>\u00a0<\/h5>\n<h4 style=\"text-align: center;\"><span style=\"color: #008000;\">Samedi 25 \u00a0juillet 2026 \u00e0 Auch<\/span><\/h4>\n<h5 style=\"text-align: center;\"><em>Parc du Conseil d\u00e9partemental<\/em><\/h5>\n<p><span style=\"color: #008000;\">9h30 \u00e0 12h00 :<\/span>\u00a0 Qi Gong\u00a0<\/p>\n<p><span style=\"color: #008000;\">14h30 \u00e0 17h00\u00a0<\/span> : Tai Ji Quan \u00a0et Tai Ji Shan (\u00e9ventail) &#8211; niveau avanc\u00e9<\/p>\n<h4 style=\"text-align: center;\"><span style=\"color: #008000;\">Dimanche 26 \u00a0juillet<\/span><\/h4>\n<p><span style=\"color: #008000;\">9h30 \u00e0 12h00 :<\/span>\u00a0 Tai Ji Quan &#8211; sp\u00e9cial d\u00e9butants<\/p>\n<p style=\"text-align: center;\"><em>Tarifs : 30 \u20ac la matin\u00e9e ou l&rsquo;apr\u00e8s-midi \/ 55 \u20ac la journ\u00e9e<\/em><\/p>\n<p>\u00a0<\/p>\n<p><a href=\"https:\/\/lephenixrouge.fr\/wp-content\/uploads\/2020\/08\/CG5-scaled.jpg\"><img loading=\"lazy\" class=\"alignnone wp-image-2113 size-medium\" src=\"https:\/\/lephenixrouge.fr\/wp-content\/uploads\/2020\/08\/CG5-300x200.jpg\" alt=\"\" width=\"300\" height=\"200\" srcset=\"https:\/\/lephenixrouge.fr\/wp-content\/uploads\/2020\/08\/CG5-300x200.jpg 300w, https:\/\/lephenixrouge.fr\/wp-content\/uploads\/2020\/08\/CG5-1024x683.jpg 1024w, https:\/\/lephenixrouge.fr\/wp-content\/uploads\/2020\/08\/CG5-768x512.jpg 768w, https:\/\/lephenixrouge.fr\/wp-content\/uploads\/2020\/08\/CG5-1536x1024.jpg 1536w, https:\/\/lephenixrouge.fr\/wp-content\/uploads\/2020\/08\/CG5-2048x1365.jpg 2048w\" sizes=\"(max-width: 300px) 100vw, 300px\" \/><\/a><\/p>\n<p><span style=\"color: #800080;\"><strong>\u00a0<\/strong><\/span><\/p>\n<h5>\u00a0<\/h5>\n\n\n<h2><\/h2>\n\n\n\n<blockquote class=\"wp-block-quote\"><p> &nbsp; &nbsp; &nbsp; &nbsp; &nbsp; &nbsp; &nbsp;<\/p><\/blockquote>\n\n\n\n<p><\/p>\n","protected":false},"excerpt":{"rendered":"<p>\u00a0 La derni\u00e8re semaine de juin ou la 1\u00e8re de\u00a0juillet, l&lsquo;association organise un stage \u00a0\u00ab\u00a0hors les murs\u00a0\u00bb, de cinq jours, \u00e0 l&rsquo;oc\u00e9an, en montagne, ou \u00e0 la mer. Au programme, m\u00e9ditation, Qi Gong, Tai Ji Quan \u00e0 mains nues et avec arme \u00a0( \u00e9ventail) . Ces stages permettent d&rsquo;approfondir tous les acquis de l&rsquo;ann\u00e9e. Ces &hellip; <a href=\"https:\/\/lephenixrouge.fr\/?page_id=184\" class=\"more-link\">Continuer la lecture de <span class=\"screen-reader-text\">stages d&rsquo;\u00e9t\u00e9<\/span>  <span class=\"meta-nav\">&rarr;<\/span><\/a><\/p>\n","protected":false},"author":2,"featured_media":2034,"parent":0,"menu_order":0,"comment_status":"closed","ping_status":"open","template":"","meta":[],"_links":{"self":[{"href":"https:\/\/lephenixrouge.fr\/index.php?rest_route=\/wp\/v2\/pages\/184"}],"collection":[{"href":"https:\/\/lephenixrouge.fr\/index.php?rest_route=\/wp\/v2\/pages"}],"about":[{"href":"https:\/\/lephenixrouge.fr\/index.php?rest_route=\/wp\/v2\/types\/page"}],"author":[{"embeddable":true,"href":"https:\/\/lephenixrouge.fr\/index.php?rest_route=\/wp\/v2\/users\/2"}],"replies":[{"embeddable":true,"href":"https:\/\/lephenixrouge.fr\/index.php?rest_route=%2Fwp%2Fv2%2Fcomments&post=184"}],"version-history":[{"count":180,"href":"https:\/\/lephenixrouge.fr\/index.php?rest_route=\/wp\/v2\/pages\/184\/revisions"}],"predecessor-version":[{"id":3162,"href":"https:\/\/lephenixrouge.fr\/index.php?rest_route=\/wp\/v2\/pages\/184\/revisions\/3162"}],"wp:featuredmedia":[{"embeddable":true,"href":"https:\/\/lephenixrouge.fr\/index.php?rest_route=\/wp\/v2\/media\/2034"}],"wp:attachment":[{"href":"https:\/\/lephenixrouge.fr\/index.php?rest_route=%2Fwp%2Fv2%2Fmedia&parent=184"}],"curies":[{"name":"wp","href":"https:\/\/api.w.org\/{rel}","templated":true}]}}